*2 + 3*m - 4. Determine r(-2).
18
Let z(u) = -6*u**2 + 52*u + 49. Give z(9).
31
Let o(n) = -4*n**2 - 98*n - 53. What is o(-24)?
-5
Let s(r) = 43*r - 2130. What is s(50)?
20
Let x(v) = v**3 - 12*v**2 + 20*v - 235. Calculate x(12).
5
Let o(p) = 164*p + 7562. What is o(-46)?
18
Let r(c) = 26*c**2 - 329*c + 25. Calculate r(13).
142
Let u(k) = -k**3 + 9*k**2 - 11*k + 11. What is u(8)?
-13
Let n(u) = -2*u**2 + 20*u + 467. Determine n(21).
5
Let s(i) = -4*i**3 - 8*i**2 - 21*i + 5. What is s(-4)?
217
Let f(r) = -8*r**3 - 22*r**2 - 9*r - 1. Determine f(-2).
-7
Let a(v) = -v**2 - 2*v + 654. Give a(24).
30
Let y(k) = k**3 + 26*k**2 - 29*k + 14. Calculate y(-27).
68
Let y(w) = -13*w + 194. Determine y(7).
103
Let b(x) = 4*x**2 - 161*x - 1551. Determine b(-8).
-7
Let x(f) = -115*f**2 - 708*f + 24. Calculate x(-6).
132
Let s(p) = 9189*p + 27551. Calculate s(-3).
-16
Let z(u) = -u**3 + 49*u**2 - 6*u + 417. Determine z(49).
123
Let k(c) = -2*c**2 - 882*c + 11860. Calculate k(13).
56
Let j(c) = c**2 - 44*c + 25. Give j(38).
-203
Let l(k) = 2*k**3 + k**2 - k + 136. What is l(0)?
136
Let w(a) = 8384*a - 8375. Calculate w(1).
9
Let v(y) = -y**3 - 6*y**2 + 13*y + 39. Give v(-7).
-3
Let s(o) = 93*o - 5088. What is s(55)?
27
Let k(o) = 112*o**2 - 25983*o - 239. Give k(232).
-7
Let l(g) = g**3 + 15*g**2 + 43*g + 20. Give l(-3).
-1
Let c(s) = -15*s**2 - 1085*s + 730. What is c(-73)?
0
Let w(o) = -o**2 + 140*o + 887. Determine w(-6).
11
Let k(p) = p**3 - 19*p**2 + 47*p - 412. Determine k(18).
110
Let a(g) = 6770*g - 40627. What is a(6)?
-7
Let y(l) = -2*l**2 - 88*l - 896. Calculate y(-27).
22
Let q(i) = 6*i**2 + 22*i - 39. Give q(-5).
1
Let v(k) = k**3 - 7*k**2 - 294*k + 1735. Determine v(6).
-65
Let p(q) = -q**3 - 19*q**2 - 37*q + 190. Determine p(-16).
14
Let u(j) = 21*j**2 + 5*j - 42. Calculate u(4).
314
Let o(k) = -3*k**2 - 13*k - 27. Determine o(-7).
-83
Let b(l) = -l**3 + 63*l**2 - 292*l + 23. Give b(5).
13
Let b(v) = 3*v**3 - 21*v**2 - 24*v + 26. Calculate b(8).
26
Let v(c) = c**3 - 156*c**2 + 161*c - 904. Give v(155).
26
Let c(z) = 72*z + 245. What is c(-1)?
173
Let w(d) = -7*d**3 + 58*d**2 - 113*d - 8. Calculate w(5).
2
Let g(m) = 209*m + 1811. Determine g(-8).
139
Let d(y) = 8*y - 59. Determine d(24).
133
Let j(q) = 8*q**3 + 112*q**2 - 3*q - 15. What is j(-14)?
27
Let f(k) = k**3 + 18*k**2 + 47*k + 41. Calculate f(-15).
11
Let h(p) = -52*p - 1332. What is h(-26)?
20
Let z(w) = 11*w**2 + 311*w + 65. Determine z(-28).
-19
Let l(x) = -27*x**3 - 2*x**2 - x + 5. What is l(2)?
-221
Let n(y) = 32*y + 127. Determine n(-13).
-289
Let i(t) = 3*t**2 + 315*t + 4286. Give i(-16).
14
Let m(w) = -11*w**2 - 683*w - 4256. Calculate m(-7).
-14
Let n(o) = -180*o - 1446. Determine n(-8).
-6
Let d(i) = -8*i**3 - 240*i**2 - 13*i - 397. Determine d(-30).
-7
Let n(s) = 16*s**2 - 8*s - 43. Give n(5).
317
Let c(r) = -r**3 + 17*r + 24. Determine c(5).
-16
Let q(p) = -84*p - 3845. What is q(-45)?
-65
Let n(t) = -t**3 + 24*t**2 - 100*t - 124. What is n(18)?
20
Let w(c) = c**3 - 9*c**2 - 23*c + 204. Determine w(8).
-44
Let m(n) = n**3 + 19*n**2 + 3*n + 60. Calculate m(-19).
3
Let l(v) = -1093*v - 7680. Determine l(-7).
-29
Let t(u) = -44*u - 1642. Give t(-38).
30
Let w(o) = -o**2 + 33*o + 4574. Give w(86).
16
Let t(z) = 3*z**3 - 28*z**2 - 113*z + 918. What is t(10)?
-12
Let p(g) = 11*g - 302. What is p(31)?
39
Let r(q) = 59*q + 58. Give r(-1).
-1
Let n(g) = 5*g**3 - 12*g**2 - 38*g - 26. Determine n(-1).
-5
Let r(x) = x**3 - 2*x**2 + 3*x - 32. Give r(5).
58
Let o(s) = 5*s - 5. What is o(5)?
20
Let a(n) = -362*n + 4391. What is a(12)?
47
Let o(g) = -48*g + 3135. Give o(61).
207
Let x(u) = -10*u**3 - 469*u**2 + 50*u - 66. Calculate x(-47).
-207
Let i(s) = 2*s**2 + 259*s - 1020. Calculate i(4).
48
Let h(j) = 5*j + 111. Calculate h(-6).
81
Let u(j) = -4959*j - 763691. Determine u(-154).
-5
Let v(a) = a**2 + 195*a - 1291. Calculate v(6).
-85
Let j(x) = x**3 - x**2 + 58*x + 207. Give j(-3).
-3
Let z(i) = i**2 + 25*i - 187. What is z(-31)?
-1
Let c(t) = 4*t + 109. Determine c(-7).
81
Let m(v) = 2*v**3 - 221*v**2 - 123*v + 1150. Give m(111).
-182
Let b(d) = -6*d + 211. What is b(40)?
-29
Let h(g) = 26*g + 392. Calculate h(-17).
-50
Let x(d) = -108*d**2 + 229*d - 8. Determine x(2).
18
Let o(s) = 39*s**2 + 416*s + 6. Calculate o(-10).
-254
Let i(q) = -2*q**3 + 110*q**2 + 34*q - 1818. What is i(55)?
52
Let q(u) = -u + 12. What is q(5)?
7
Let b(k) = -2*k**3 - 89*k**2 + 334*k - 23. Determine b(-48).
73
Let v(j) = 2*j**3 + 6*j**2 - 5*j + 7. Calculate v(-5).
-68
Let i(r) = -15*r - 19. Determine i(0).
-19
Let c(i) = -260*i + 6998. Calculate c(27).
-22
Let y(w) = -w**2 + 86*w - 1887. Calculate y(49).
-74
Let p(a) = -6*a**2 - 68*a - 170. Determine p(-4).
6
Let t(y) = y**3 + 56*y**2 + 239*y - 364. Give t(-6).
2
Let u(l) = -170*l - 1352. Give u(-8).
8
Let b(i) = -100*i - 406. Determine b(-4).
-6
Let o(d) = -18644*d - 111869. Calculate o(-6).
-5
Let m(h) = h**3 + 8*h**2 - 28*h - 70. What is m(-11)?
-125
Let g(m) = -m**2 - 47*m + 71. Determine g(-50).
-79
Let t(h) = 3*h**2 + 17*h + 58. Determine t(-8).
114
Let p(r) = 13*r - 68. Determine p(-8).
-172
Let m(f) = -9*f - 613. What is m(-22)?
-415
Let w(t) = -t**2 + 49*t - 326. What is w(8)?
2
Let h(p) = 14*p + 32. What is h(3)?
74
Let k(h) = -h**3 - 22*h**2 - 102*h - 291. Give k(-17).
-2
Let y(i) = i**3 + 12*i**2 + 33*i - 24. Calculate y(-7).
-10
Let v(t) = 3*t**3 + 30*t**2 - t - 15. Calculate v(-10).
-5
Let s(m) = -73*m + 5390. Determine s(79).
-377
Let o(y) = y**2 - 22*y + 13. Give o(17).
-72
Let o(a) = a**3 - 12*a**2 + 83*a - 267. Give o(6).
15
Let q(o) = -3*o**2 - 84*o - 6. Determine q(-28).
-6
Let v(i) = i**3 - 142*i**2 + 1317*i + 418. Determine v(132).
22
Let o(w) = -11*w + 59. Calculate o(14).
-95
Let d(j) = 89*j + 751. What is d(-8)?
39
Let o(k) = 3100*k - 3115. What is o(1)?
-15
Let w(m) = 2*m**2 + 40*m - 88. What is w(-16)?
-216
Let h(i) = -46*i**2 + 39*i + 1. Give h(-1).
-84
Let p(k) = -k**3 + 6*k**2 + 2*k + 73. Calculate p(0).
73
Let k(j) = -62*j - 702. Calculate k(-31).
1220
Let x(y) = -77*y + 2378. Calculate x(23).
607
Let j(d) = 3*d**2 + 253*d - 179. Give j(-85).
-9
Let b(h) = 201*h - 391. Determine b(2).
11
Let t(p) = p**3 - 34*p**2 + 94*p - 39. Determine t(31).
-8
Let x(d) = -26*d**2 + 3*d - 11. What is x(-3)?
-254
Let x(r) = -67*r + 246. Determine x(4).
-22
Let i(r) = -9*r**2 + 133*r + 50. Give i(15).
20
Let t(p) = 3*p**2 - 19*p - 83. What is t(13)?
177
Let d(q) = -q**3 - 30*q**2 + 26*q + 1612. What is d(-29)?
17
Let w(z) = -z**3 + z**2 - 12*z - 31. Give w(-2).
5
Let r(t) = t**2 + 41*t + 253. What is r(-7)?
15
Let v(i) = -124*i + 65. Determine v(-1).
189
Let w(o) = 2*o**2 + 135*o + 2257. Calculate w(-37).
0
Let k(r) = -100*r + 152. Determine k(7).
-548
Let x(p) = -983*p + 15664. Calculate x(16).
-64
Let c(x) = x**2 - 20*x - 155. Calculate c(-6).
1
Let n(d) = -d**3 + 25*d**2 - 27*d + 59. Determine n(24).
-13
Let l(k) = 38*k + 313. Calculate l(-8).
9
Let n(r) = -2*r**3 - 2*r**2 + 10*r - 7. Calculate n(-5).
143
Let m(b) = -b**2 - 74*b + 29250. What is m(-212)?
-6
Let k(s) = s**2 - 19*s + 8. Give k(21).
50
Let t(m) = 137*m**3 + m**2 - 5*m - 6. Give t(-1).
-137
Let d(w) = 10*w**3 - 2*w**2 + 57*w - 59. Give d(1).
6
Let v(c) = -3*c**3 - 2*c**2 + c - 1. What is v(-2)?
13
Let s(u) = -u**3 - 37*u**2 - 68*u + 2958. What is s(-32)?
14
Let w(q) = 2*q**2 - 163*q - 504. Calculate w(-3).
3
Let a(w) = 9*w**2 + 54*w + 59. What is a(-5)?
14
Let g(z) = -560*z - 56568. Calculate g(-101).
-8
Let n(x) = x**2 - 82*x - 114. Calculate n(0).
-114
Let w(i) = -25*i + 170. Calculate w(3).
95
Let y(a) = 55*a + 106. What is y(2)?
216
Let i(q) = 1826*q - 7312. Calculate i(4).
-8
Let t(y) = 31*y**3 - 215*y**2 - 44*y + 240. Calculate t(7).
30
Let h(x) = x**3 - 2251*x**2 + 15709*x - 1. What is h(7)?
6
Let m(l) = -114*l - 1954. Give m(-17).
-16
Let h(x) = 33*x + 409. Calculate h(-11).
46
Let u(y) = -y**2 - 64*y - 315. Calculate u(-55).
180
Let l(h) = 2*h**2 - 97*h - 3. Determine l(50).
147
Let a(f) = 3*f**3 + 10*f**2 - 31*f + 20. Give a(-6).
-82
Let v(q) = -q**3 - 86*q**2 - 693*q + 2. Give v(-9).
2
Let d(x) = -x**2 - 103*x - 558. Determine d(-6).
24
Let f(x) = -x**2 + 64*x - 256. Determine f(6).
92
Let m(l) = -242*l**2 + 3871*l + 19. What is m(16)?
3
Let b(n) = 5*n**2 + 10*n. Wh